vided by 229.
184
Calculate the remainder when 1946 is divided by 6.
2
What is the remainder when 1126 is divided by 139?
14
What is the remainder when 1799 is divided by 25?
24
Calculate the remainder when 189 is divided by 65.
59
What is the remainder when 286 is divided by 60?
46
Calculate the remainder when 81 is divided by 36.
9
Calculate the remainder when 9043 is divided by 133.
132
Calculate the remainder when 468 is divided by 151.
15
Calculate the remainder when 80 is divided by 43.
37
Calculate the remainder when 322 is divided by 93.
43
What is the remainder when 882 is divided by 74?
68
Calculate the remainder when 790 is divided by 18.
16
Calculate the remainder when 234 is divided by 50.
34
Calculate the remainder when 2528 is divided by 47.
37
Calculate the remainder when 167 is divided by 57.
53
What is the remainder when 242 is divided by 9?
8
What is the remainder when 176 is divided by 29?
2
What is the remainder when 271 is divided by 134?
3
Calculate the remainder when 862 is divided by 27.
25
What is the remainder when 320 is divided by 111?
98
What is the remainder when 598 is divided by 60?
58
What is the remainder when 1882 is divided by 938?
6
Calculate the remainder when 2126 is divided by 47.
11
Calculate the remainder when 397 is divided by 64.
13
Calculate the remainder when 102 is divided by 8.
6
Calculate the remainder when 98 is divided by 5.
3
What is the remainder when 248 is divided by 24?
8
What is the remainder when 19818 is divided by 20?
18
Calculate the remainder when 171 is divided by 44.
39
What is the remainder when 2924 is divided by 38?
36
Calculate the remainder when 10 is divided by 2.
0
What is the remainder when 428 is divided by 26?
12
Calculate the remainder when 604 is divided by 61.
55
Calculate the remainder when 2397 is divided by 57.
3
What is the remainder when 268 is divided by 95?
78
What is the remainder when 187 is divided by 65?
57
Calculate the remainder when 256 is divided by 74.
34
What is the remainder when 79 is divided by 16?
15
Calculate the remainder when 290 is divided by 65.
30
What is the remainder when 100 is divided by 44?
12
Calculate the remainder when 297 is divided by 144.
9
What is the remainder when 42 is divided by 10?
2
What is the remainder when 240 is divided by 22?
20
What is the remainder when 1638 is divided by 164?
162
Calculate the remainder when 1839 is divided by 7.
5
Calculate the remainder when 782 is divided by 28.
26
What is the remainder when 679 is divided by 99?
85
Calculate the remainder when 208 is divided by 61.
25
Calculate the remainder when 316 is divided by 78.
4
What is the remainder when 240 is divided by 22?
20
Calculate the remainder when 107 is divided by 37.
33
Calculate the remainder when 2098 is divided by 262.
2
What is the remainder when 124 is divided by 22?
14
Calculate the remainder when 107 is divided by 60.
47
What is the remainder when 216 is divided by 59?
39
What is the remainder when 1624 is divided by 22?
18
Calculate the remainder when 1609 is divided by 801.
7
What is the remainder when 449 is divided by 10?
9
Calculate the remainder when 441 is divided by 117.
90
Calculate the remainder when 360 is divided by 16.
8
Calculate the remainder when 719 is divided by 51.
5
What is the remainder when 431 is divided by 15?
11
Calculate the remainder when 61 is divided by 45.
16
What is the remainder when 14923 is divided by 182?
181
What is the remainder when 818 is divided by 79?
28
What is the remainder when 287 is divided by 5?
2
Calculate the remainder when 33 is divided by 5.
3
What is the remainder when 82 is divided by 3?
1
What is the remainder when 148 is divided by 7?
1
Calculate the remainder when 165 is divided by 14.
11
What is the remainder when 55 is divided by 15?
10
Calculate the remainder when 567 is divided by 188.
3
What is the remainder when 23 is divided by 13?
10
Calculate the remainder when 130 is divided by 41.
7
What is the remainder when 2351 is divided by 263?
247
What is the remainder when 77 is divided by 23?
8
Calculate the remainder when 438 is divided by 227.
211
Calculate the remainder when 3693 is divided by 48.
45
What is the remainder when 387 is divided by 54?
9
What is the remainder when 324 is divided by 80?
4
Calculate the remainder when 3147 is divided by 126.
123
What is the remainder when 881 is divided by 59?
55
Calculate the remainder when 468 is divided by 236.
232
What is the remainder when 102 is divided by 35?
32
What is the remainder when 16757 is divided by 40?
37
What is the remainder when 545 is divided by 254?
37
Calculate the remainder when 20414 is divided by 22.
20
What is the remainder when 46 is divided by 16?
14
What is the remainder when 340 is divided by 38?
36
What is the remainder when 440 is divided by 56?
48
Calculate the remainder when 254 is divided by 6.
2
Calculate the remainder when 519 is divided by 128.
7
Calculate the remainder when 127 is divided by 43.
41
What is the remainder when 503 is divided by 12?
11
Calculate the remainder when 28 is divided by 4.
0
Calculate the remainder when 350 is divided by 44.
42
What is the remainder when 207 is divided by 41?
2
What is the remainder when 248 is divided by 111?
26
What is the remainder when 5436 is divided by 85?
81
What is the remainder when 5294 is divided by 331?
329
Calculate the remainder when 145 is divided by 25.
20
What is the remainder when 104 is divided by 24?
8
Calculate the remainder when 198 is divided by 20.
18
Calculate the remainder when 2925 is divided by 9.
0
Calculate the remainder when 65 is divided by 48.
17
Calculate the remainder when 337 is divided by 15.
7
Calculate the remainder when 346 is divided by 80.
26
What is the remainder when 1866 is divided by 932?
2
Calculate the remainder when 871 is divided by 430.
11
What is the remainder when 1792 is divided by 484?
340
What is the remainder when 20 is divided by 14?
6
Calculate the remainder when 816 is divided by 39.
36
What is the remainder when 1897 is divided by 946?
5
Calculate the remainder when 197 is divided by 196.
1
Calculate the remainder when 122 is divided by 28.
10
Calculate the remainder when 177 is divided by 21.
9
Calculate the remainder when 1131 is divided by 42.
39
What is the remainder when 171 is divided by 44?
39
What is the remainder when 919 is divided by 146?
43
Calculate the remainder when 99 is divided by 13.
8
What is the remainder when 1750 is divided by 572?
34
Calculate the remainder when 1959 is divided by 102.
21
Calculate the remainder when 8755 is divided by 29.
26
Calculate the remainder when 850 is divided by 220.
190
What is the remainder when 1092 is divided by 48?
36
What is the remainder when 536 is divided by 22?
8
Calculate the remainder when 223 is divided by 33.
25
What is the remainder when 1593 is divided by 29?
27
What is the remainder when 254 is divided by 26?
20
Calculate the remainder when 114 is divided by 9.
6
What is the remainder when 455 is divided by 76?
75
Calculate the remainder when 106 is divided by 106.
0
Calculate the remainder when 13177 is divided by 20.
17
Calculate the remainder when 334 is divided by 22.
4
Calculate the remainder when 476 is divided by 37.
32
What is the remainder when 11343 is divided by 62?
59
Calculate the remainder when 59 is divided by 16.
11
What is the remainder when 1974 is divided by 19?
17
Calculate the remainder when 617 is divided by 207.
203
What is the remainder when 102 is divided by 7?
4
What is the remainder when 3515 is divided by 207?
203
What is the remainder when 303 is divided by 81?
60
What is the remainder when 296 is divided by 100?
96
What is the remainder when 63 is divided by 34?
29
Calculate the remainder when 221 is divided by 37.
36
What is the remainder when 380 is divided by 32?
28
What is the remainder when 41 is divided by 17?
7
Calculate the remainder when 1934 is divided by 17.
13
Calculate the remainder when 833 is divided by 11.
8
What is the remainder when 21 is divided by 6?
3
Calculate the remainder when 133 is divided by 24.
13
Calculate the remainder when 4230 is divided by 46.
44
Calculate the remainder when 4597 is divided by 656.
5
Calculate the remainder when 7 is divided by 5.
2
Calcula